ppose 4*q + 8 = 0, -5*q + 20 = -3*m + 8*m. Suppose 3*p + 0 = m. Suppose 5*y - y + 4*w - 272 = 0, -p*w = -6. Is y a prime number?
False
Let t(w) = 162*w + 85. Is t(8) composite?
False
Is 1733 + (-1 - (-1)/1) composite?
False
Let o = -955 - -5550. Is o a composite number?
True
Let m = 3938 - 39. Is m composite?
True
Suppose 4*m - t = 1785, m + 159 - 618 = -4*t. Is m a composite number?
True
Is (1/3)/(-5 - (-38312)/7662) a composite number?
False
Let i(v) = v**2 - 2*v + 2. Let y be i(4). Let o(d) = 7 - d**3 - 7 + 16*d + y*d**2. Is o(11) prime?
False
Is 815*-1*(5 - 6) a prime number?
False
Suppose -43 = -5*w + 82. Is w prime?
False
Let q(b) = -b - 3. Let o be q(-3). Let p(a) = 4*a + 31. Let h be p(-7). Suppose 45 = h*i - o*i. Is i prime?
False
Suppose 0*u - 18 = 3*g - u, -3*u - 6 = g. Is (2/(-3))/(g/2007) a composite number?
False
Suppose 166 = 3*j - 242. Suppose -j = -4*b + c, -2*b + 2*c - c = -70. Is b composite?
True
Is 1245/(-10)*(-2)/3 prime?
True
Suppose 737 = -12*l + 9509. Is l prime?
False
Suppose 3*b - 2*w - 16 = 0, 11 = -2*b - 6*w + 3*w. Suppose b*r = 3*r - 467. Is r a prime number?
True
Let h(v) = -v + 9. Let u be h(5). Suppose 1652 = u*f - 5*k, 5*f = -k + 1621 + 444. Is f composite?
True
Let c = 3 + 2. Let x(z) = 2*z**3 - 3*z**2 + 6*z - 2. Is x(c) prime?
False
Suppose -4*p + 146 = 42. Is p a composite number?
True
Let i(u) = -8*u**2 - 8*u + 2. Let f(z) = -z**2 + 1. Let t(k) = 4*f(k) - i(k). Let d be t(-6). Suppose 3*o - 5*o = -d. Is o a prime number?
False
Suppose -2*j + 92 = -2*c, -2*c - 101 = -2*j + 3*c. Suppose -r + 44 + j = 0. Is r prime?
False
Is 6874/6 + 22/(-33) a composite number?
True
Let p be -51*1*(2 - 5). Suppose -a + p = 34. Is a composite?
True
Suppose -x + 4*x = 429. Is x a prime number?
False
Let t be -2 - 2*(2 - 3). Suppose 42 = -p - p + d, t = -p - 4*d - 39. Let s = 39 - p. Is s a prime number?
False
Let b(h) = 9*h**2 + 4*h + 3. Is b(4) a composite number?
False
Let x = -6930 + 10343. Is x a prime number?
True
Let w(m) = 2*m**2 - 21*m + 18. Let d be w(14). Is ((-98)/(-8))/7*d prime?
False
Let m(h) = h**3 - 5*h**2 + 8*h - 3. Is m(10) composite?
False
Is -1*163*4/(-4) prime?
True
Suppose 5*y + d - 461 = 0, -3*y + 279 - 4 = d. Suppose o = -0*o + y. Is o composite?
True
Let h = 293 + -64. Suppose 4*g - h = -4*y + 3*g, 4*g = -12. Is y prime?
False
Suppose l - 4*u + 785 = 6*l, 3*u = 0. Is l prime?
True
Let f(l) = -l**2 + 10*l - 5. Let c be f(9). Suppose 0 = 2*r, -c*x = -4*r + 102 - 314. Is x composite?
False
Suppose -175 - 169 = -2*y. Suppose j - 3*j = -y. Is j a composite number?
True
Let d(z) = -z**2 + 6*z + 1. Let v be d(6). Let m = -7 + v. Is 3*-37*2/m a prime number?
True
Let z be (-379)/(-4) + (-1)/(-4). Let i = -42 + z. Suppose 2*x - i = x. Is x composite?
False
Suppose -5*b + 20 = -5. Let g = b + -2. Is g composite?
False
Let t(q) be the first derivative of 31*q**6/360 + q**5/120 - q**4/24 + 2*q**3/3 - 2. Let u(c) be the third derivative of t(c). Is u(1) composite?
False
Suppose -m + 3*m = 6. Suppose -m*t + 55 = -2*t. Is t composite?
True
Suppose 2*a = p - 285 + 728, -4*a + 883 = -5*p. Let s = 149 + a. Is s a composite number?
True
Let d be 1/5 - 32/10. Let i = d - -1. Is (-6 - 1)*(1 + i) a composite number?
False
Suppose 4*v = -4, 4*v + 38 = 4*m - 6. Is m/(-45) + 3701/9 a prime number?
False
Let z(c) = -c**2 - 5*c - 3. Let n be z(-3). Is 230 + n/2*2 a composite number?
False
Let w be (-51)/(-85) - 2204/(-10). Suppose -2*o + w = -297. Is o a prime number?
False
Suppose -4 = -5*f + 11. Suppose -12 = -7*m + f*m. Suppose m*t - 633 = -0*t. Is t a composite number?
False
Let j be 5/(-1)*(-8)/(-20). Is (-3 - j) + 80 + 3 a prime number?
False
Suppose -254 = -4*k - 4*o + 2*o, -5*k + 3*o = -345. Suppose 4*y = 6*y - k. Is y prime?
False
Let u(f) = f**2 - 7*f - 1. Let z be u(7). Is (-676 - 1)*z*1 a composite number?
False
Let r = -43 + 66. Suppose 0 = 4*h - 3*f - r, -h + 5*f + 31 - 4 = 0. Suppose -h*g + v - 2*v = -252, 2*g = -5*v + 244. Is g a prime number?
True
Let h(c) = 73*c + 2. Let w be h(5). Let j be 12/(-54) - w/9. Let m = j - -99. Is m prime?
False
Let v be ((-3)/(-1))/((-9)/(-12)). Let u = v + -6. Is (-1 + 3)*(-7)/u a composite number?
False
Let t be (-4)/(5/(465/(-6))). Let d = t - -113. Suppose -o - d = -6*o. Is o composite?
True
Let g(a) = a**3 + 8*a**2 - 4*a - 7. Let r(t) = t - 1. Let v be r(-5). Let l(x) = x. Let f be l(v). Is g(f) a composite number?
False
Let x(z) = -899*z - 13. Let d be x(9). Is 2/5 + d/(-40) a composite number?
True
Let u(v) = 2*v**2 + 3*v + 3. Let a be u(-2). Let t(s) = 4*s**3 - 2*s + 1. Let h be t(1). Suppose d - a = q + 33, h*q + 40 = d. Is d a composite number?
False
Let d(h) = 4*h + 15. Let g be d(-17). Let x = g - -92. Is x composite?
True
Suppose -2*j = j - 12. Let s(v) = 2*v**3 - 3*v + 3*v**3 + 68 - 3*v**2 - 71. Is s(j) prime?
True
Suppose -5*r - 20 = j + 3*j, r - 3*j = -4. Let l = r + 8. Suppose 5*o + l*a + 6 = 47, -2*a = -4*o + 38. Is o a composite number?
True
Let c = 13 + -18. Let z(b) be the second derivative of b**4/12 - b**3/6 + 7*b**2/2 + 3*b. Is z(c) a prime number?
True
Let a(n) = -n**3 - 2*n**2 + n - 4. Let x be a(-3). Let z(h) = 16*h**3 - 2*h**2 - h. Is z(x) a composite number?
True
Suppose -46 = -4*k + 6*k. Let c = 60 + k. Is c prime?
True
Suppose -3835 = -128*g + 123*g. Is g a composite number?
True
Let l be (0 - -2 - -10)*1. Let s(f) = -f**3 - 7*f**2 + f + 10. Let m be s(-7). Let t = l + m. Is t a composite number?
True
Suppose -4*l + 12 = -0*l. Suppose 3 + l = 2*t, -3*w = -3*t - 246. Is w a composite number?
True
Let a(v) = v**3 + 5*v**2 - 6*v + 2. Let n be a(-6). Suppose n*c = -t + 62, 3*c - t - 98 = -0*t. Is (-3 - -3) + -1 + c a composite number?
False
Let k be (3 + 67/(-3))*-3. Suppose -386 - k = -4*r - 2*n, -2*r + 222 = -2*n. Is r composite?
True
Let i be ((-6)/(-2))/((-3)/4). Let k = -130 - -91. Let a = i - k. Is a prime?
False
Is (-4 - (-13)/3)*249 composite?
False
Suppose -507 = -s - 2*t + 4*t, 3*t = 3. Is s prime?
True
Let f(a) = -632*a**3 - 2*a**2 - a. Is f(-1) prime?
True
Suppose 4*k = 4*t + 1024, 0*k + 2*t - 256 = -k. Let j = k + -663. Let n = j - -574. Is n a composite number?
False
Let t(g) = g**2 + 9*g + 21. Is t(-17) a prime number?
True
Suppose -u - 2*u - 9 = 0, u + 35 = 4*q. Suppose r - q = 2. Is r a composite number?
True
Let s = -177 - -1054. Is s a prime number?
True
Let h(x) = 2 - x + 3 - x**2 + 8*x. Let o be h(7). Suppose 0 = -o*z - 139 + 484. Is z composite?
True
Suppose 3*a = -2*i + 245, -a - 89 = i - 209. Let n = 12 + i. Is n a prime number?
True
Let i(c) = 5*c**3 + c**2 + 2. Let s(j) = j**3 - 7*j**2 + 7*j - 4. Let a be s(6). Is i(a) composite?
True
Let r be (-27)/(-2) + (-3)/2. Is ((-28)/(-2))/(r/30) a composite number?
True
Let p(q) = 2*q**3 - 6*q**2 + 6*q + 1. Suppose 0*r - 4*f = 2*r - 18, -r - f = -7. Is p(r) a composite number?
False
Suppose 0 = -6*m + 2*m. Let r = 4 - m. Suppose -54 + 204 = 2*l - r*t, -t + 309 = 4*l. Is l a prime number?
False
Suppose -7*h = -4*h - 1137. Is h a prime number?
True
Is (-12 - 41)*1/(-1) prime?
True
Suppose -2479 = -4*g + 61. Is g a prime number?
False
Let w = 224 + -79. Is w a composite number?
True
Let r(k) = 11*k + 4. Let o be (-44)/(-7) + 6/(-21). Let f be r(o). Suppose -3*x = -71 - f. Is x prime?
True
Let i(x) = 2*x**2 - 3*x - 1. Let g(u) be the second derivative of u**4/6 - 2*u**3/3 - u**2 + 2*u. Let a(m) = -2*g(m) + 3*i(m). Is a(-4) prime?
True
Let y(u) be the third derivative of 3*u**4/8 + 2*u**3/3 - u**2. Is y(6) prime?
False
Let f(s) = 3*s**2 - 9*s + 11. Is f(10) a prime number?
False
Suppose 2*u - d + 393 = 3062, -2*u + 2659 = -3*d. Is u composite?
True
Let a(r) = -r**3 + 7*r**2 + 6*r - 5. Let o(t) = t**2 + 9*t + 5. Let v(y) = y - 1. Let l(u) = o(u) - 2*v(u). Let k be l(-7). Is a(k) a composite number?
False
Suppose -3*m + 13 = -2. Let o be m/5 + 0 + 1. Suppose 0 = -o*w + 22 - 0. Is w a prime number?
True
Let h(y) = -4*y**2 + 2*y**2 + 3 + 4*y**2 + 2*y**2. Is h(4) composite?
False
Let d = 6 + -6. Let w(k) = -k**3 - k**2 + k + 37. Is w(d) a composite number?
False
Let s(v) be the first derivative of -v**4/4 + 4*v**3 - 5*v + 3. Is s(6) a prime number?
True
Let f(g) = -12*g - 7. Let b be f(-8). Let u = b - 52. Is u a prime number?
True
Let l(g) = 96*g - 1. Let d be 0 - 1 - (-8)/4. Is l(d) a prime 